0 = 8*a - 91 - 5. What is the remainder when 42 is divided by a?
6
Let r(y) = -9*y + 5. Let p = 20 + 14. Let u = 56 - p. Calculate the remainder when r(-4) is divided by u.
19
Let h = 43 - 23. Let d be (2 - 1)*(-2 + 3 + 0). What is the remainder when h is divided by (15 + -3)/3 + 2/d?
2
Suppose -3*p + 3 = 4*b, -5*p = -3*b - 10*p - 6. Calculate the remainder when 25 is divided by (-3)/2*(-15 + b + 2).
10
Let m(p) = p**2 - 5*p - 7. Let x(v) = -v**2 - v + 1. Let g(q) = 7*q**2 + q - 3. Let t(c) = g(c) + 4*x(c). What is the remainder when t(3) is divided by m(7)?
5
Suppose p = 4, 7*p - 2*p - 50 = d. Let c = -21 - d. Let v = 12 - c. What is the remainder when 5 is divided by v?
2
Let g(v) = v**3 - 6*v**2 + v - 7. Let r be g(6). Let f be -3 - -7 - (r - 2). Calculate the remainder when 3 - 1 - (-203)/f is divided by 11.
9
Let y(g) = 3*g - 16. Let b be y(8). Calculate the remainder when -12*-6*1/b is divided by 5.
4
Suppose 19*n + 16*n - 175 = 0. Let b = -62 - -117. What is the remainder when 53 is divided by (3 - n)*b/(-10)?
9
Suppose -5*r = 4*n - 179, 3*r + 4*n = n + 108. Let o(t) = t**3 - 7*t**2 + 8*t. Let m = -3 - -9. What is the remainder when r is divided by o(m)?
11
Let n be 70/8 + (-7)/(-28). Let i = 12 - n. Suppose 22 - 76 = -i*d. Calculate the remainder when 69 is divided by d.
15
Suppose 2*s - 5*s + 420 = 4*m, -5*m = -2*s - 502. Let i = 151 - m. Calculate the remainder when 47 is divided by (-2)/8 + i/4.
11
Suppose 19*i = 17*i - 12. What is the remainder when 84 is divided by 2/(-3)*i/4*29?
26
Suppose 0 = -6*n + n - 4*i + 518, 0 = -4*n + 5*i + 439. Calculate the remainder when 117 is divided by n.
11
Suppose 282 = 2*g + 2*a, 3*a + 235 + 37 = 2*g. Let p = -129 + g. Calculate the remainder when 78 is divided by p.
8
Calculate the remainder when 732/14 - (-76)/(-266) is divided by 14.
10
Suppose -3*v + 3 = 0, 2*g - v + 8 = v. Calculate the remainder when 33 is divided by 6/4*-2*g.
6
Suppose 5*p + 0 - 5 = 0. Suppose 0 = 5*o - 3*o - 14. Calculate the remainder when (1 - (2 - 20))/p is divided by o.
5
Let l = -21 - -24. Suppose l*w + w = -3*u - 11, -3 = 4*u + 3*w. What is the remainder when 35 is divided by (-2 + u - -4) + 4?
8
Suppose -52 = -2*v - 2*v. Suppose -11 = -3*f + 6*f + 4*g, v = -4*f - 5*g. Calculate the remainder when 24 is divided by f.
0
Let x = 44 - 41. Suppose -y = -x*z - 48, -3*z - 48 + 216 = 5*y. What is the remainder when y is divided by 10?
6
Let f(y) = 3*y - 8. Calculate the remainder when (31*-1)/((-11)/33) is divided by f(8).
13
Let f = -1140 + 1275. What is the remainder when f is divided by 13?
5
Let v = 19 - -7. Suppose 4*n = v + 6. What is the remainder when n is divided by 5?
3
Suppose -y - 28 = -3*y. Let i = -111 + 151. What is the remainder when i is divided by y?
12
Let a = -51 - -65. Suppose 5*g = -u + 25, 2*g = -2*u + a + 4. What is the remainder when g is divided by 3?
1
Suppose 4*h - y - 136 = 0, -2*h + 78 = -y + 8. What is the remainder when 63 is divided by h?
30
Suppose 5*h - 75 + 65 = 0. Suppose -h*j - 2*j = -p - 185, -4*p = 2*j - 88. What is the remainder when 90 is divided by j?
44
Let a(k) be the first derivative of -1/3*k**3 - 7 + 3/2*k**4 - k + k**2. Calculate the remainder when 15 is divided by a(1).
3
Suppose 4*f - 58 - 6 = 0. What is the remainder when f is divided by (2 - (-12)/(-18))/(4/27)?
7
Let s = 635 - -1248. Calculate the remainder when s is divided by 41.
38
Calculate the remainder when 93 is divided by (-7)/(-2)*72/126 - -46.
45
Suppose 45*i = 4*i + 1271. What is the remainder when 119 is divided by i?
26
Let j(k) = -3*k - 13. Let n(z) = -z**3 + 11*z**2 + z - 19. Let p be n(11). What is the remainder when 41 is divided by j(p)?
8
Let r be 2/9 - (-325)/(-45). Let d(n) = -3*n + 15. Let f be d(r). Let l = f + -20. What is the remainder when 46 is divided by l?
14
Suppose 5*v - 50 = l - 2*l, 0 = l + 5. Let p(s) = s + 1. Let x be p(3). What is the remainder when v is divided by -1*12*(-2)/x?
5
Let w(m) = -m**3 + m**2 + 2*m - 3. Let h be w(-3). Suppose 69 = 4*t - h. What is the remainder when 70 is divided by t?
22
Let v(r) = -r + 12. Suppose -203 - 58 - 79 = -20*w. What is the remainder when w is divided by v(0)?
5
Let g(j) = j**3 - 7*j**2 + 7*j - 7. Let a be g(6). What is the remainder when (-38)/a*11/22 is divided by 16/3 + 8/(-24)?
4
Let s(h) = h**2 - 18. Let f be s(6). Suppose -4*q = -46 - f. Calculate the remainder when q/(-8) - (-2 + -4) is divided by 4.
0
Let t = 96 - 93. Calculate the remainder when -2 - t - (6 - 122) is divided by 23.
19
Let n be (4/((-16)/10))/((-1)/26). Let i = n + -45. Calculate the remainder when i is divided by 11.
9
Suppose -4*z = -10 - 6. What is the remainder when 25 is divided by (-3)/z*(1 - 13)?
7
Suppose 34*i = 37*i - 78. What is the remainder when i is divided by 2 + (-13)/(-1)*1?
11
Suppose 4*c - 3*z + 33 = 7*c, -c + 14 = 4*z. What is the remainder when c is divided by 6?
4
What is the remainder when 349 is divided by (-26)/(-273) - (-4467)/63?
65
Suppose 0 = 2*d + 2*d + 4*c - 172, -d = -5*c - 19. Suppose -463*t + 105 = -458*t. What is the remainder when d is divided by t?
18
Suppose -5*j + 59 = 3*i - 130, i = -5*j + 53. Calculate the remainder when 880 is divided by i.
64
Let q(p) = -4*p - 17. Let y be q(-5). Suppose y*n + 20 = -2*n. Calculate the remainder when n/12*-123 + 4 is divided by 24.
21
Suppose 9*a + 25 = 484. Calculate the remainder when a is divided by 13.
12
Let i = 2194 + -1646. Calculate the remainder when i is divided by 55.
53
Let g = 24 + -16. Suppose 0 = -3*c - 9, -2*y = -0*y + 4*c - 34. What is the remainder when y is divided by g?
7
Suppose d = 2*z - 18, -z = 4*d - 15 - 3. Suppose b - z = -0. Suppose 13*c - b = 12*c. Calculate the remainder when c is divided by 6.
4
What is the remainder when 214 is divided by 3 + ((-24)/(-3 - 1) - -52)?
31
Suppose 5*g = 3*g + 48. Suppose -3*u = -k - 14, 2*u - 7*k - 26 = -3*k. What is the remainder when 33 is divided by 390/g - u/(-4)?
16
Let v = -201 + 268. Calculate the remainder when v is divided by 26.
15
Suppose 40*u - 225 = 31*u. What is the remainder when 42 is divided by u?
17
Let b(q) = 3*q**3 + 5*q**2 - 25*q + 7. What is the remainder when b(3) is divided by 24?
10
Suppose -108 = -157*y + 153*y. What is the remainder when y is divided by 14?
13
Let q be 7/(-2) + 1/2. Let d(j) = -j**2 + j + 1. Let c(h) = -8*h**2 - 4*h + 2. Let g(a) = -c(a) + 3*d(a). Calculate the remainder when g(q) is divided by 13.
12
Let o = -22 - -45. Let p = -71 + 83. Calculate the remainder when o is divided by p.
11
Suppose -72 = -3*r + 3*c, 17*r + 5*c = 18*r - 44. What is the remainder when 181 is divided by r?
10
Suppose -7*h = -1985 - 626. Suppose 87 - h = -13*z. What is the remainder when 129 is divided by z?
19
Let f(m) = 105*m - 14. Suppose 0 = 3*a + 3*r + 3, -3*a + 14 = -2*a + 4*r. What is the remainder when f(1) is divided by ((-92)/a)/((-4)/(-6))?
22
Suppose -4*b + 216 = -4*l, -53*b + 120 = -51*b - 6*l. Suppose -2*r + 96 = -r. What is the remainder when r is divided by b?
45
Let n be 14/3*408/(-16). What is the remainder when (-2)/9 + n/(-9) is divided by 7?
6
Let y = 532 + -126. Suppose -c - 3*c + 20 = 0. Suppose -y + 56 = -c*f. Calculate the remainder when f is divided by 12.
10
Let b = -8 + 18. Let v(o) = o - 30. Let i(h) = 3*h - 59. Let u(f) = 4*i(f) - 7*v(f). What is the remainder when u(11) is divided by b?
9
Let k be (-87)/(-2)*(-4)/6. Let d = k + 41. Calculate the remainder when 14 is divided by (-140)/(-42)*d/5.
6
Let s = -2309 + 2353. What is the remainder when 1538 is divided by s?
42
Suppose 4 = -4*j, 11*t = 16*t - 2*j - 342. What is the remainder when t is divided by 5?
3
Let j = 121 + -124. Calculate the remainder when (-12)/1*(-18)/8 + j is divided by 8.
0
What is the remainder when ((40/3)/(-4))/(46/(-7521)) is divided by 55?
50
Let n be (7/(-3) - (-5 + 0))*-3. Let j(w) = w**2 + 2*w. Let y be j(-5). Let s = y + n. Calculate the remainder when s is divided by 2.
1
Suppose 5*o = 2*s - 62, 5*s - 3*o - 21 = 115. What is the remainder when 154 is divided by s?
24
Suppose -2*x = -4*x + 4. Let d be (x/(-1))/(6/(-93)). Let h = d + -26. Calculate the remainder when h is divided by 4.
1
Suppose -3*n + 200 = 5*g, -2*n = -2*g - g - 127. Calculate the remainder when 1039 is divided by n.
64
Let j(o) = 5*o